d 98.
14
What is the greatest common divisor of 18624 and 768?
192
What is the greatest common divisor of 36 and 2916?
36
Calculate the highest common divisor of 3185 and 325.
65
What is the highest common divisor of 165 and 30?
15
Calculate the greatest common factor of 20394 and 396.
198
What is the highest common factor of 80 and 540?
20
What is the greatest common divisor of 4508 and 588?
196
Calculate the greatest common divisor of 93170 and 70.
70
Calculate the greatest common divisor of 69 and 1863.
69
Calculate the highest common factor of 60 and 560.
20
What is the highest common divisor of 16 and 12016?
16
What is the highest common factor of 28 and 14?
14
Calculate the highest common factor of 328 and 2460.
164
What is the highest common factor of 297 and 110?
11
What is the greatest common divisor of 15 and 1695?
15
What is the highest common factor of 552 and 1334?
46
Calculate the greatest common factor of 1713 and 6.
3
What is the highest common factor of 798 and 6726?
114
Calculate the highest common divisor of 18 and 3042.
18
What is the highest common factor of 63 and 231?
21
What is the greatest common divisor of 2034 and 126?
18
Calculate the greatest common factor of 18 and 1242.
18
What is the greatest common divisor of 14 and 126?
14
What is the greatest common factor of 153 and 19125?
153
Calculate the greatest common factor of 153 and 17.
17
Calculate the greatest common divisor of 518 and 999.
37
What is the highest common divisor of 16 and 656?
16
What is the greatest common divisor of 100 and 380?
20
What is the greatest common divisor of 4847 and 74?
37
What is the highest common divisor of 84 and 6?
6
What is the highest common divisor of 925 and 100?
25
Calculate the highest common factor of 88 and 8.
8
Calculate the highest common divisor of 4 and 12.
4
What is the greatest common divisor of 106 and 3551?
53
What is the highest common factor of 9504 and 1408?
352
What is the highest common divisor of 336 and 483?
21
What is the greatest common factor of 516 and 12?
12
Calculate the highest common factor of 90 and 410.
10
Calculate the highest common factor of 12840 and 240.
120
What is the highest common divisor of 61 and 305?
61
What is the highest common divisor of 850 and 34?
34
Calculate the highest common divisor of 1632 and 96.
96
What is the highest common divisor of 157 and 5?
1
Calculate the highest common divisor of 32 and 80.
16
What is the greatest common factor of 1242 and 90?
18
Calculate the greatest common factor of 7782 and 48.
6
What is the highest common factor of 759 and 33?
33
Calculate the greatest common divisor of 36 and 1236.
12
Calculate the greatest common divisor of 670 and 230.
10
Calculate the highest common factor of 29 and 2987.
29
Calculate the highest common divisor of 165 and 528.
33
What is the greatest common factor of 102 and 136?
34
What is the greatest common factor of 52 and 14820?
52
Calculate the highest common factor of 12 and 178.
2
Calculate the greatest common factor of 2724 and 36.
12
What is the highest common divisor of 364 and 8190?
182
Calculate the greatest common divisor of 46 and 46.
46
Calculate the greatest common factor of 1751 and 34.
17
Calculate the highest common factor of 611 and 1551.
47
Calculate the greatest common factor of 57 and 1767.
57
What is the greatest common divisor of 96 and 9?
3
Calculate the greatest common factor of 845 and 13.
13
Calculate the greatest common divisor of 39274 and 146.
146
Calculate the greatest common factor of 527 and 155.
31
What is the greatest common divisor of 305 and 488?
61
Calculate the highest common factor of 150 and 9.
3
What is the highest common factor of 396 and 77?
11
What is the greatest common divisor of 60 and 210?
30
What is the greatest common divisor of 290 and 20?
10
Calculate the highest common divisor of 483 and 63.
21
What is the greatest common factor of 4580 and 60?
20
Calculate the greatest common factor of 645 and 1410.
15
What is the highest common factor of 2664 and 252?
36
What is the greatest common divisor of 6 and 1004?
2
What is the highest common factor of 320 and 192?
64
Calculate the greatest common divisor of 1412 and 4.
4
Calculate the greatest common divisor of 1730 and 11072.
346
Calculate the greatest common divisor of 28679 and 119.
119
What is the highest common divisor of 31 and 899?
31
What is the greatest common factor of 1504 and 32?
32
What is the highest common factor of 6 and 6882?
6
What is the highest common factor of 16 and 5792?
16
What is the highest common divisor of 2300 and 400?
100
What is the highest common factor of 3528 and 2?
2
What is the greatest common factor of 141 and 1504?
47
What is the highest common divisor of 150 and 54525?
75
Calculate the highest common factor of 30292 and 4.
4
What is the greatest common factor of 56340 and 180?
180
Calculate the greatest common factor of 3930 and 6.
6
Calculate the highest common divisor of 29 and 1.
1
Calculate the highest common factor of 100 and 25.
25
Calculate the greatest common divisor of 321 and 9.
3
What is the greatest common divisor of 42 and 30?
6
Calculate the highest common divisor of 1179 and 1048.
131
Calculate the greatest common factor of 11320 and 40.
40
What is the highest common divisor of 204 and 1292?
68
What is the highest common divisor of 570 and 210?
30
What is the highest common divisor of 3523 and 52?
13
Calculate the highest common divisor of 84 and 476.
28
What is the greatest common divisor of 112 and 980?
28
What is the highest common factor of 1938 and 114?
114
Calculate the highest common factor of 130 and 70.
10
Calculate the highest common factor of 84 and 24.
12
What is the highest common factor of 25 and 400?
25
What is the greatest common factor of 360 and 405?
45
What is the greatest common divisor of 3279 and 3?
3
Calculate the greatest common divisor of 34387 and 251.
251
Calculate the greatest common factor of 3503 and 31.
31
What is the highest common factor of 1791 and 9?
9
Calculate the greatest common divisor of 4 and 25.
1
What is the greatest common factor of 59 and 25311?
59
What is the greatest common divisor of 68 and 884?
68
What is the highest common divisor of 13 and 637?
13
Calculate the highest common factor of 243 and 639.
9
What is the greatest common divisor of 5595 and 15?
15
Calculate the greatest common factor of 10 and 190.
10
Calculate the highest common divisor of 322 and 230.
46
What is the highest common factor of 33 and 6963?
33
Calculate the highest common divisor of 32 and 8.
8
Calculate the highest common factor of 6 and 312.
6
Calculate the highest common factor of 490 and 2030.
70
Calculate the highest common factor of 247 and 13.
13
Calculate the greatest common factor of 1452 and 12.
12
Calculate the greatest common factor of 79 and 869.
79
Calculate the greatest common divisor of 14304 and 96.
96
What is the greatest common divisor of 176 and 32?
16
What is the highest common factor of 705 and 15?
15
What is the greatest common factor of 91 and 767?
13
What is the highest common divisor of 1794 and 3864?
138
Calculate the greatest common divisor of 27 and 6183.
27
Calculate the greatest common factor of 96 and 216.
24
What is the greatest common factor of 168 and 360?
24
Calculate the greatest common factor of 118 and 59.
59
What is the greatest common factor of 2632 and 168?
56
Calculate the greatest common divisor of 90 and 2980.
10
Calculate the highest common divisor of 532 and 1484.
28
Calculate the highest common factor of 285 and 75.
15
Calculate the greatest common divisor of 181 and 70409.
181
Calculate the greatest common divisor of 2304 and 72.
72
Calculate the greatest common factor of 48 and 456.
24
Calculate the greatest common factor of 884 and 476.
68
What is the highest common divisor of 32 and 4128?
32
Calculate the greatest common factor of 2465 and 170.
85
What is the greatest common factor of 128 and 22?
2
Calculate the highest common divisor of 1584 and 132.
132
What is the highest common divisor of 68 and 16116?
68
Calculate the greatest common divisor of 54 and 36.
18
Calculate the greatest common divisor of 48 and 816.
48
What is the greatest common factor of 6292 and 2002?
286
Calculate the highes